est common divisor of 10176 and 3903076032.
10176
Calculate the greatest common factor of 282435 and 148257.
57
Calculate the greatest common factor of 1611 and 327391.
179
Calculate the highest common factor of 1232194 and 136.
34
Calculate the greatest common factor of 2366 and 485082.
26
Calculate the highest common factor of 27 and 551309589.
9
Calculate the highest common divisor of 86510298 and 14.
14
Calculate the highest common factor of 4362 and 99298749.
2181
What is the greatest common factor of 2185537 and 7021?
1003
Calculate the greatest common divisor of 12864 and 34916916.
804
What is the greatest common divisor of 8170 and 40803830?
190
What is the highest common divisor of 3876918 and 4584?
1146
What is the highest common factor of 2808 and 359944?
104
Calculate the highest common divisor of 627 and 1996083.
57
Calculate the greatest common divisor of 27703394 and 244.
122
What is the highest common factor of 3533 and 20359?
1
Calculate the highest common divisor of 10494 and 110682.
198
What is the highest common divisor of 7740 and 3722805?
45
Calculate the highest common factor of 2203775 and 173215.
1715
Calculate the highest common divisor of 99601860 and 3214.
3214
What is the highest common factor of 4133019 and 693?
33
Calculate the highest common divisor of 521432766 and 18.
18
What is the greatest common factor of 480 and 86280?
120
Calculate the greatest common factor of 394891650 and 2350.
2350
Calculate the greatest common divisor of 184055 and 85705.
1405
What is the highest common factor of 970 and 15337834?
194
What is the highest common factor of 1027 and 2776060?
79
Calculate the greatest common factor of 56265 and 462.
33
Calculate the highest common factor of 9253 and 65930.
19
What is the greatest common factor of 17719877 and 5691?
1897
Calculate the highest common divisor of 60456 and 220704.
264
Calculate the greatest common divisor of 12136 and 74087246.
3034
Calculate the highest common factor of 63 and 2420271.
63
What is the highest common factor of 908 and 352605910?
454
What is the greatest common divisor of 2710665 and 32805?
1215
What is the greatest common factor of 1982654 and 10?
2
What is the greatest common divisor of 36 and 185828544?
36
What is the highest common divisor of 275 and 303435?
55
What is the highest common divisor of 313287327 and 1773?
1773
What is the greatest common divisor of 621764 and 486976?
4348
What is the greatest common factor of 1201453 and 1322101?
5027
What is the greatest common divisor of 33 and 4074854652?
33
What is the highest common factor of 6307503 and 2616?
327
What is the highest common divisor of 928278 and 390?
78
What is the greatest common factor of 22724 and 1452542?
598
What is the greatest common divisor of 504 and 10058139?
63
Calculate the highest common factor of 18896 and 867072.
16
What is the greatest common divisor of 177025 and 6621705?
485
What is the highest common factor of 436 and 431822684?
436
What is the highest common divisor of 3395763 and 12656?
791
What is the highest common factor of 3222081 and 21960?
549
What is the greatest common divisor of 2978115 and 39909?
753
Calculate the highest common divisor of 1622194 and 14.
14
Calculate the greatest common divisor of 3335 and 8070555.
145
What is the greatest common factor of 58193654 and 27678?
1318
Calculate the highest common factor of 450 and 3084250.
50
What is the highest common divisor of 163506 and 170782?
34
Calculate the highest common factor of 6245987 and 2032.
127
What is the greatest common divisor of 13592839 and 17216?
269
Calculate the greatest common factor of 188 and 88305433.
47
Calculate the greatest common divisor of 3868192 and 121208.
872
What is the greatest common divisor of 3509 and 122641?
29
Calculate the highest common factor of 1876 and 4212.
4
What is the highest common factor of 29041113 and 2712?
339
Calculate the greatest common factor of 156 and 9276488.
52
What is the highest common divisor of 32923530 and 1095?
15
Calculate the highest common factor of 3243 and 8261895.
141
What is the highest common factor of 59096 and 208081?
83
Calculate the greatest common divisor of 990912 and 686400.
2496
What is the highest common factor of 64749 and 293949?
573
Calculate the highest common divisor of 4405758 and 304.
38
Calculate the highest common divisor of 70 and 159724082.
14
What is the greatest common divisor of 41272616 and 33?
11
What is the greatest common divisor of 6845136 and 14592?
48
What is the greatest common divisor of 89416110 and 6?
6
Calculate the highest common factor of 4766287875 and 75.
75
What is the greatest common factor of 61464 and 42301416?
4728
What is the greatest common factor of 23517098 and 254?
254
What is the greatest common divisor of 2310 and 250222560?
210
Calculate the greatest common factor of 4896 and 19312578.
306
Calculate the greatest common factor of 79137468 and 843.
843
What is the highest common divisor of 24 and 21490122?
6
What is the greatest common divisor of 507 and 11671257?
39
What is the greatest common factor of 242928 and 24808?
56
What is the highest common divisor of 2303203 and 2364215?
15253
What is the highest common divisor of 6814458 and 1134?
126
What is the greatest common factor of 83313076 and 1232?
308
Calculate the greatest common factor of 307120398 and 26.
26
What is the greatest common factor of 31 and 1423088573?
31
Calculate the greatest common factor of 3811731 and 3003.
231
What is the highest common factor of 66300 and 11873446?
442
Calculate the greatest common factor of 273239 and 3039316.
3743
What is the greatest common divisor of 69 and 3370512?
69
Calculate the greatest common factor of 371656 and 2386.
2
Calculate the greatest common divisor of 141 and 248541.
3
What is the greatest common divisor of 778207 and 34734?
827
Calculate the greatest common divisor of 8267281 and 24518.
943
Calculate the highest common divisor of 67621 and 167757024.
3559
Calculate the greatest common divisor of 57180504 and 24.
24
Calculate the greatest common divisor of 39025 and 727125.
175
Calculate the highest common factor of 18270603 and 3393.
117
Calculate the highest common factor of 304545 and 3341.
257
Calculate the greatest common divisor of 8912 and 73525114.
1114
Calculate the greatest common factor of 1477900025 and 50.
25
Calculate the highest common factor of 12208 and 73855348.
3052
Calculate the highest common factor of 18467 and 2775997.
313
Calculate the greatest common factor of 3410890 and 3920.
490
What is the greatest common divisor of 24 and 265503?
3
Calculate the highest common factor of 68 and 84467696.
68
Calculate the greatest common divisor of 47253703 and 36208.
2263
What is the greatest common divisor of 6129 and 8265524?
227
Calculate the highest common factor of 560 and 214129888.
112
Calculate the greatest common divisor of 86 and 212992244.
86
Calculate the greatest common factor of 1577028 and 408.
12
What is the greatest common divisor of 23 and 83165171?
23
Calculate the highest common divisor of 464 and 117370424.
232
Calculate the highest common divisor of 55274 and 1187438.
1906
Calculate the greatest common factor of 1799060 and 23460.
460
Calculate the highest common divisor of 996 and 10934337.
249
Calculate the highest common divisor of 213085 and 5643.
19
What is the greatest common divisor of 26483 and 337534?
71
Calculate the highest common factor of 64818 and 19602.
18
What is the highest common divisor of 400 and 203336800?
400
What is the highest common divisor of 3910333602 and 14?
14
Calculate the greatest common factor of 6220 and 271848210.
3110
Calculate the greatest common factor of 6200 and 33397075.
775
Calculate the greatest common factor of 33712 and 28967624.
392
What is the highest common factor of 292721 and 147147?
143
What is the highest common factor of 87193 and 928489?
17
Calculate the highest common factor of 3922867 and 26.
13
Calculate the greatest common divisor of 40997008 and 1040.
208
What is the greatest common divisor of 14946873 and 42?
3
What is the highest common factor of 726015 and 9570?
435
What is the greatest common divisor of 187 and 33327701?
187
Calculate the highest common divisor of 6437